t is the remainder when 383293 is divided by 76656?
13
What is the remainder when 4667365 is divided by 29171?
5
What is the remainder when 44887335 is divided by 12?
3
What is the remainder when 1757394 is divided by 3346?
744
Calculate the remainder when 865565 is divided by 6.
5
What is the remainder when 56221120 is divided by 14055277?
12
Calculate the remainder when 37994 is divided by 11483.
3545
What is the remainder when 21407 is divided by 6891?
734
Calculate the remainder when 495471 is divided by 123844.
95
Calculate the remainder when 1245167 is divided by 249024.
47
What is the remainder when 1476704 is divided by 2627?
330
What is the remainder when 5678441 is divided by 573?
11
Calculate the remainder when 78486 is divided by 1381.
1150
What is the remainder when 575747 is divided by 871?
16
What is the remainder when 2287457 is divided by 1172?
885
What is the remainder when 526456 is divided by 9933?
7
Calculate the remainder when 30190553 is divided by 529.
523
Calculate the remainder when 3025691 is divided by 6493.
6446
Calculate the remainder when 55310110 is divided by 161.
9
Calculate the remainder when 1130848 is divided by 113083.
18
Calculate the remainder when 3272959 is divided by 1279.
1277
Calculate the remainder when 143783 is divided by 1679.
1068
What is the remainder when 1274843 is divided by 12748?
43
What is the remainder when 491425 is divided by 5738?
3695
Calculate the remainder when 7861 is divided by 3600.
661
Calculate the remainder when 116498 is divided by 3227.
326
What is the remainder when 4229336 is divided by 478?
470
What is the remainder when 590546 is divided by 196585?
791
Calculate the remainder when 1929784 is divided by 37.
12
What is the remainder when 15692 is divided by 4656?
1724
What is the remainder when 10360779 is divided by 246?
243
Calculate the remainder when 561217 is divided by 3091.
1746
Calculate the remainder when 13657817 is divided by 2901.
2810
Calculate the remainder when 47241480 is divided by 2537.
3
What is the remainder when 3912903 is divided by 110?
93
What is the remainder when 832714 is divided by 87?
37
Calculate the remainder when 1336432 is divided by 2953.
1676
Calculate the remainder when 342115 is divided by 11403.
25
What is the remainder when 809813 is divided by 292?
97
What is the remainder when 882186 is divided by 2492?
18
What is the remainder when 257880 is divided by 1839?
420
Calculate the remainder when 2279390 is divided by 327.
200
Calculate the remainder when 12151 is divided by 5884.
383
Calculate the remainder when 973083 is divided by 15694.
55
What is the remainder when 286302 is divided by 8403?
600
What is the remainder when 4545526 is divided by 349646?
128
Calculate the remainder when 50872 is divided by 50433.
439
Calculate the remainder when 67505 is divided by 67393.
112
Calculate the remainder when 206018 is divided by 17.
12
Calculate the remainder when 103608213 is divided by 318.
315
What is the remainder when 175821 is divided by 6749?
347
What is the remainder when 22639 is divided by 21764?
875
What is the remainder when 108570 is divided by 10854?
30
What is the remainder when 48633432 is divided by 170?
2
What is the remainder when 154599 is divided by 168?
39
Calculate the remainder when 138302 is divided by 1318.
1230
What is the remainder when 1040780 is divided by 3757?
91
Calculate the remainder when 22416 is divided by 6356.
3348
Calculate the remainder when 107916284 is divided by 2075313.
8
Calculate the remainder when 1842630 is divided by 1828.
6
Calculate the remainder when 5720080 is divided by 31.
22
What is the remainder when 34267725 is divided by 2015744?
77
Calculate the remainder when 31115699 is divided by 1980.
1979
What is the remainder when 31302 is divided by 2047?
597
Calculate the remainder when 1804702 is divided by 97.
17
What is the remainder when 160540 is divided by 79853?
834
Calculate the remainder when 8745218 is divided by 63.
62
Calculate the remainder when 794564 is divided by 189.
8
What is the remainder when 48104101 is divided by 167?
85
Calculate the remainder when 53049 is divided by 26330.
389
Calculate the remainder when 45774 is divided by 256.
206
What is the remainder when 13114551 is divided by 72456?
15
Calculate the remainder when 20087529 is divided by 106.
105
Calculate the remainder when 496774042 is divided by 9.
7
What is the remainder when 4177937 is divided by 117?
101
What is the remainder when 5167423 is divided by 227?
222
Calculate the remainder when 721077 is divided by 219.
129
What is the remainder when 224866747 is divided by 61305?
7
What is the remainder when 209606 is divided by 274?
270
Calculate the remainder when 169985 is divided by 41541.
3821
What is the remainder when 5987035 is divided by 32?
27
What is the remainder when 2640403 is divided by 249?
7
What is the remainder when 10316667 is divided by 10316533?
134
Calculate the remainder when 148703 is divided by 107.
80
Calculate the remainder when 6301 is divided by 545.
306
What is the remainder when 86771073 is divided by 21?
18
Calculate the remainder when 2094752 is divided by 2094537.
215
Calculate the remainder when 208138 is divided by 1892.
18
Calculate the remainder when 142236 is divided by 2185.
211
What is the remainder when 22878545 is divided by 1298?
1295
What is the remainder when 76363725 is divided by 410?
405
What is the remainder when 321421376 is divided by 3706?
3702
What is the remainder when 16499425 is divided by 4124716?
561
What is the remainder when 11071248 is divided by 34?
32
Calculate the remainder when 41715099 is divided by 15.
9
What is the remainder when 38287014 is divided by 2342?
2340
What is the remainder when 1415276 is divided by 6180?
56
Calculate the remainder when 378274 is divided by 91.
78
What is the remainder when 29842680 is divided by 12?
0
What is the remainder when 3339307 is divided by 54741?
106
What is the remainder when 7338353 is divided by 182?
113
What is the remainder when 4083703 is divided by 138?
7
What is the remainder when 5611125 is divided by 71?
66
Calculate the remainder when 666593223 is divided by 1458.
1455
What is the remainder when 886245 is divided by 148?
21
What is the remainder when 4628106 is divided by 5047?
7
Calculate the remainder when 42698882 is divided by 68209.
48
Calculate the remainder when 7254463 is divided by 155.
153
What is the remainder when 14158883 is divided by 157?
152
What is the remainder when 10212869 is divided by 497?
16
What is the remainder when 128759 is divided by 3227?
2906
What is the remainder when 3182422 is divided by 42?
40
Calculate the remainder when 848804 is divided by 18862.
14
Calculate the remainder when 4304949 is divided by 215247.
9
Calculate the remainder when 769873533 is divided by 1128.
1125
Calculate the remainder when 2686 is divided by 628.
174
Calculate the remainder when 54975707 is divided by 2102.
2101
What is the remainder when 395929 is divided by 1010?
9
What is the remainder when 771276 is divided by 77123?
46
Calculate the remainder when 9720166 is divided by 138.
136
What is the remainder when 581763 is divided by 3618?
2883
What is the remainder when 2903519 is divided by 662?
649
What is the remainder when 29063275 is divided by 156?
7
What is the remainder when 12638 is divided by 2504?
118
Calculate the remainder when 342 is divided by 21.
6
What is the remainder when 847153 is divided by 368?
17
What is the remainder when 12638158 is divided by 332583?
4
Calculate the remainder when 3112384 is divided by 268.
100
Calculate the remainder when 54916 is divided by 27045.
826
What is the remainder when 176520 is divided by 5043?
15
What is the remainder when 1169363 is divided by 182?
13
Calculate the remainder when 546414 is divided by 1839.
231
Calculate the remainder when 1545839 is divided by 717.
704
What is the remainder when 761516 is divided by 380713?
90
Calculate the remainder when 1479725 is divided by 59.
5
What is the remainder when 611419 is divided by 16073?
645
What is the remainder when 87039 is divided by 234?
225
What is the remainder when 506184 is divided by 6934?
2
What is the remainder when 598703 is divided by 199304?
791
Calc